6 = b - x*b, 5*b - 2*p = 587. What is the highest common factor of 26 and b?
13
Let g = -154 - -269. Suppose -3*w - g = -4*r - 541, w = 5*r + 153. Calculate the highest common factor of 46 and w.
46
Suppose -4*x - 10352 = -3*m + 7*m, 3*x = -4*m - 10350. Let w be m/(-27) + 28/126. Calculate the greatest common factor of 528 and w.
48
Let a(z) = -25*z + 1. Let y be a(-1). Let r = 29 - y. Suppose r*u - 638 = 3*m - m, 5*u - m - 1075 = 0. Calculate the greatest common factor of 24 and u.
24
Suppose 31*z = 26*z - 1420. Let q = z + 296. Suppose -p + 55 = -5*o, -p - o = 2*o - 63. Calculate the greatest common factor of q and p.
12
Suppose 0 = -30*v + 26*v + 12. Suppose 0 = -k - v*f - 1, -3*k + 5*f + 15 = 2*k. Suppose -7*r + k*r = -160. Calculate the highest common divisor of 80 and r.
16
Let z be (335 - -1)/((-924)/(-6776)). What is the greatest common factor of z and 2926?
154
Let o be 5*78/(-65) - (-280 - 1). Suppose 0 = -3*u - f + 4*f + 90, 0 = -3*u - 5*f + 50. Calculate the highest common divisor of u and o.
25
Let q = 199 + -199. Suppose -32*g + 48 + 112 = q. What is the highest common factor of 7 and g?
1
Let s be (-676)/2366 + (49972/21 - (-1)/(-3)). What is the highest common factor of s and 366?
183
Suppose -11*y = -40 - 15. Suppose 0 = -y*s - 3*c + 391, 0*s - 4*c = -s + 92. Calculate the highest common divisor of s and 200.
40
Suppose -3*p + 2383 = 18*k - 19*k, 0 = -2*p + 5*k + 1580. Calculate the highest common divisor of p and 75.
15
Suppose -3*t = -15, 30*n + 3*t = 25*n + 1725. Let b = n - 321. Calculate the highest common factor of b and 9.
3
Let h(r) = r**2 + 11*r + 12. Let f be h(-7). Let j = f + 17. Suppose g + j = 0, -3*w + 2*g + 362 = 2*w. What is the highest common divisor of w and 18?
18
Let w(t) = -25*t - 878. Let j be w(-45). What is the greatest common divisor of 52 and j?
13
Let x(y) = 2*y**2 - 8*y + 6. Let w be x(-11). Suppose -162*k + 166*k - 1176 = 0. Suppose -4*o + 11*o - k = 0. Calculate the highest common divisor of o and w.
42
Let y(w) = 183*w - 258. Let z be y(4). Calculate the highest common divisor of z and 4977.
237
Suppose 0 = -4*l + 36 + 28. Let i be (-6)/(-39) - (-6)/(-39). Suppose -9*o + 25*o - 2304 = i. What is the greatest common divisor of l and o?
16
Suppose -y - 117 = -3*m, 73*m - 206 = 68*m - 2*y. Let p = -99 - -105. What is the highest common factor of p and m?
2
Let w be ((-1)/(-3) - -1)*108/72. Suppose 3*o - 5 = m, w*o + 6 = 10. Calculate the highest common factor of 5 and m.
1
Let j = -163 - -161. Let k be 1908/(-156)*-8 - j/13. Calculate the highest common divisor of 147 and k.
49
Let q(g) = -662*g + 6728. Let c be q(10). What is the highest common factor of 1602 and c?
18
Let p(q) = 8*q - 33. Suppose -4*r + 2 = -c + 4, -5*r = 4*c - 29. Let w be p(c). Calculate the highest common divisor of w and 5.
5
Suppose -26*r - 33*r + 67563 + 86958 = 0. Calculate the highest common factor of 81 and r.
27
Let o(k) = 4*k**2 - 14*k + 35. Let q be o(5). Suppose -41 - 19 = -12*a. What is the greatest common divisor of q and a?
5
Suppose 116*c - 421727 - 537360 = 331877. Calculate the highest common divisor of 359 and c.
359
Let y = 404 + -414. Let j be (468/y)/((-144)/480). What is the greatest common divisor of j and 84?
12
Let n be 54/(-243) + (-2666)/(-9). Suppose -2*h = m + n - 3489, 2*m + 1589 = h. What is the greatest common factor of h and 55?
55
Let i(s) = 20*s**2 + 42*s + 60. Let a be i(30). Let w be a/(-35)*(-1)/2. What is the greatest common factor of 36 and w?
12
Suppose -7*a - 3*g = -2*a + 6, -g + 3 = 0. Let r be (-1)/a + 50/30. Suppose 2*n + 15 = -n, 0 = -r*x + n + 33. Calculate the greatest common factor of 14 and x.
14
Let x be (-24)/60*(9909/(-6) + -1). What is the highest common divisor of 2 and x?
1
Let g(m) = 27*m + 4. Let l be g(0). Suppose 2*y + 2 = 0, 3*v - l*y + 16 = 26. What is the highest common factor of v and 3?
1
Let j = -119 + 133. Suppose 0*z + 30*z = 2940. What is the greatest common factor of z and j?
14
Let y = 212 + -95. Let u = 760 - 747. What is the highest common factor of u and y?
13
Let r = -1474 - -1476. Suppose 100 = -5*b + 5*p, -2*b - 4*p - 62 = 2. Let a be (0 - 1)/(r + 50/b). Calculate the highest common factor of a and 108.
12
Suppose 33*q - 27*q - 47040 = -54*q. What is the highest common factor of q and 7252?
196
Let i(w) = w**2 + 2*w - 514. Let j be i(-38). What is the greatest common factor of 28 and j?
14
Let w be (-72)/(-4) - (-1 + -1). Suppose -w = 14*a - 15*a. Suppose 91*x = 96*x - a. What is the highest common factor of 16 and x?
4
Suppose -2574 = -10*c + 20106. Suppose 0 = -4*i + 22*k - 27*k + c, 0 = 4*k. Calculate the highest common factor of 21 and i.
21
Suppose -4*x + 5*i = -4654, 4*x - 599 - 4019 = -i. Calculate the highest common divisor of 748 and x.
68
Suppose 4*q = 188 - 180. Suppose 3*d = 4*v + 209, 0 = -v - q - 3. What is the highest common divisor of d and 105?
21
Let j = 5723 + -4744. Calculate the highest common factor of 1869 and j.
89
Let b(v) be the first derivative of 41*v**3/3 - 3*v**2/2 + v - 80. Let x = -11 + 12. Let y be b(x). What is the greatest common divisor of 273 and y?
39
Suppose 12*f + 1240 - 8632 = -0*f. What is the highest common divisor of 572 and f?
44
Let c(k) = 6*k**2 + 2*k + 1. Let x be ((-6)/(-15))/(9/45). Suppose x*y + 2 + 0 = 0. Let z be c(y). Calculate the highest common divisor of 35 and z.
5
Let h = 435 + -355. What is the highest common factor of 2760 and h?
40
Let b(w) = -w**3 - 21*w**2 - 38*w + 21. Let x be b(-19). Suppose 4*a - 3*t = x, 4*a - 46 = -0*a - 2*t. What is the greatest common divisor of a and 9?
9
Let n(y) = -y**2 - 45*y - 465. Let k be n(-17). What is the greatest common divisor of k and 2046?
11
Let j(x) = x**2 - 6*x - 4. Let z be j(6). Suppose -17*c = -100 - 478. Let w = c + z. Calculate the highest common factor of 15 and w.
15
Suppose 0 = 1866*x - 1842*x - 312. What is the greatest common divisor of x and 5707?
13
Let x(z) = 55*z**2 - 279*z + 37. Let m be x(8). What is the greatest common divisor of m and 5565?
265
Suppose -4*y + 343 = 2*u - 57, -2*u = 3*y - 396. What is the highest common divisor of u and 400?
16
Let f(w) = 2*w + 525. Let a be f(0). What is the greatest common divisor of a and 189?
21
Suppose -3*c - 4*g = -260, -7*c + 2*g = -5*c - 164. Let f = 106 - c. Let k = -35 - -37. Calculate the highest common factor of f and k.
2
Suppose -3*c = 6*c + c - 160. What is the greatest common divisor of c and 512?
16
Suppose 684 = -1029*u + 1035*u. Calculate the greatest common divisor of 2400 and u.
6
Let i be -6*(-1 + 0 + -2). Suppose 5*d - 163 - 1274 = o, 4*d + 10*o = 1182. Calculate the greatest common divisor of i and d.
18
Let j = -1266 + 2360. Suppose 1096*x = j*x + 12. What is the highest common factor of x and 198?
6
Let z(a) = -a**3 + 5*a - 8. Let x be z(-3). Suppose 0 - 12 = -2*k. Let s be ((-171)/(-6) - -4) + (-3)/k. What is the greatest common factor of s and x?
4
Suppose 0 = -4*l - 8, -4*s = -l - 3 + 17. Let i be 1/(5 + (-8 - s)). Let c = 5 + -3. Calculate the highest common divisor of i and c.
1
Suppose 34*c - 81648 = 6*c. Calculate the highest common divisor of c and 12.
12
Suppose s - 5 - 8 = a, 0 = -2*s + 4*a + 28. Suppose 0 = 5*x - 5*k - 105, -4*k + 0 = -s. Let p = 36 - x. Calculate the greatest common divisor of p and 96.
12
Let w = -41 - -18. Let j be (-1)/((2 - 4) + (-340)/(-172)). Let z = w + j. What is the greatest common factor of 4 and z?
4
Suppose -2*c = -5*h - 38 - 11, -7*c - 5*h = -104. What is the highest common factor of 3723 and c?
17
Suppose -3*d + 6277 = 5*q, -5*d = 187*q - 192*q + 6285. Calculate the highest common factor of 8 and q.
8
Let n(o) = 3797 - 14*o**2 + 12*o - 9*o**2 - 3790 - o**3 + 11*o**2. Let d be (1 + 0)*-1*13. Let c be n(d). Calculate the greatest common factor of c and 15.
5
Let h(g) = 19*g**2 + 110*g - 4. Let z be h(-7). What is the greatest common divisor of 43489 and z?
157
Suppose -906 = -5*l - 3*g, 0 = -2*l + 3*g - 0*g + 354. Calculate the highest common divisor of 4410 and l.
90
Let n(g) = g**2 - 2*g. Let y be n(-1). Suppose 0 = 2*p + y*p - 510. Let q(c) = -9*c - 11. Let u be q(-5). What is the greatest common factor of p and u?
34
Let c(h) = -2*h + 19. Let b be c(7). Suppose 0*v + 15 = b*v. Suppose 0 = -v*k + 2*k + 14. What is the greates